et a(l) = 4*f(l) + q(l). Is a(6) prime?
False
Is (-1082)/(-2)*(16 - 15) a prime number?
True
Suppose 3*r + 4*w = 34, -w = r + w - 14. Is (9/r)/(6/904) composite?
True
Suppose 4*j = -0*j + 12. Suppose -928 = -j*v + 83. Is v a composite number?
False
Is ((-2072)/(-12))/(2/3) prime?
False
Let u(g) = g**2 + 7*g. Let p be u(-7). Suppose -5*a - c + 248 = p, -141 = -7*a + 4*a + 2*c. Is a prime?
False
Let f(h) = -5*h + 1. Let z be f(-4). Is 1821/z - 2/(-7) composite?
True
Suppose o = -3, -g + 0*o = -2*o - 62. Let n be 6/((-94)/98 - -1). Let j = n - g. Is j a composite number?
True
Let i be (0 + -1)*(-3 + -40). Suppose -i = -2*h - 5*r, 4*h - 59 = r + 16. Suppose 5*p + 70 = 5*x, 3*p + 9 = 2*x - h. Is x a prime number?
False
Let m be (-4)/(-10) - 32/(-20). Suppose -m*r - 4 = v - 14, 2*v + 10 = 2*r. Suppose -2*y - 3*t + 174 = 0, v*y + 348 = 4*y + 4*t. Is y a composite number?
True
Let m(a) = -a**3 + 3*a**2 + 2. Let b be m(3). Suppose b*c - 115 = -n, 3*c - 315 = -3*n + 30. Is n a prime number?
False
Let v(r) = 20*r**2 + 3*r + 9. Let f = -3 - -7. Is v(f) prime?
False
Let c = -10 - -15. Suppose -3*f - c*m = -2876, 3*f - m = 4*m + 2836. Is (-1)/3 - f/(-12) composite?
False
Suppose -485 = 7*u - 12*u. Is u a prime number?
True
Suppose 5*r - 15 = 0, j - 2*j + 2 = 4*r. Let w = j - -25. Is w a prime number?
False
Let z(p) = 2*p**2 - 15*p + 5. Let q(l) = -l**3 + 6*l**2 - 5*l + 1. Let h be q(4). Let b = h - 1. Is z(b) composite?
False
Suppose -1185 = 43*w - 48*w. Is w composite?
True
Let u(v) = 19*v + 2. Let h be u(4). Suppose -f = -3*f + h. Is f composite?
True
Suppose f - 6 - 2 = -2*g, 0 = 2*f + g - 10. Is (3 + f*-4)/(-1) a prime number?
True
Suppose -5*y - 4*c - 9 = 0, 0*y + 3*c = -2*y - 5. Let a(p) = -252*p**3 + p. Is a(y) prime?
True
Let m(t) = -t**2 + 8*t - 5. Suppose 13 = -q + 5*h - 0*h, -22 = -2*q - 2*h. Let y be m(q). Suppose 4*w - 46 = y*w. Is w a prime number?
True
Let u = -24 + 45. Suppose 0 = j - 4*w - 22, 2*w = -3*j + 5*w + u. Is (-11)/(-3) - j/3 a composite number?
False
Let t be 15*(-24 + -1) - -1. Is (-4)/(-18) + t/(-18) a prime number?
False
Let j be 8/12 - (-40)/(-6). Is (-2)/(j/255 + 0) prime?
False
Let q(f) = 92*f + 1. Let s(i) = i**2 + 8*i - 14. Let d be s(-10). Let x be (d/4)/((-21)/(-28)). Is q(x) a prime number?
False
Let b(w) = 2*w**2 + 9*w - 1. Let l(i) = -i**2 - 5*i + 1. Let y(c) = 3*b(c) + 5*l(c). Let p be y(-3). Suppose 5*h + 45 = p*r, -8 = -r + 3*h - h. Is r composite?
True
Suppose 0 = -2*x + 4, -6*v - 3*x = -v - 4361. Is v a composite number?
True
Let o(c) = 2*c**2 + 2*c + 5. Let k(h) = h**2 + 8*h - 4. Let a be k(-9). Is o(a) prime?
False
Let o(j) = -2*j**2 + 3*j - 3. Let q be o(-6). Let c = -40 - q. Is c a prime number?
True
Let s = 388 + -231. Is s composite?
False
Suppose -2*r = 4*g - 9734, -2*r + 9728 = g + g. Is r composite?
False
Let b be -27 + 3 + 1 + 0. Let q = b - -76. Is q composite?
False
Suppose -3*i + 72 = -5*t, -2*t = 3*t + 3*i + 48. Is (t/(-10))/(8/20) prime?
True
Suppose -5*o + 3*o = -68. Suppose o + 141 = 5*v. Is v prime?
False
Let y(q) = q**3 - 4*q. Let d be y(3). Suppose -6*f + d = -f. Suppose -f*g = -m + g + 11, 0 = 4*m - 5*g - 66. Is m a composite number?
False
Suppose 5*a - 742 = 848. Suppose 0 = -3*w + 5*s - 23 - 15, -4*w - 4*s - 8 = 0. Is (a/9)/((-4)/w) a prime number?
True
Let q = -3 - 1. Let s(x) be the second derivative of x**5/20 + 5*x**4/12 - 2*x**3/3 + x**2/2 - 3*x. Is s(q) composite?
True
Let m = -13 - -4. Let k = 4 - m. Is k prime?
True
Let o(f) = 94*f**2 + f. Let s(u) = -2*u**2 + 6*u**2 - 4*u**2 - 3 - u**2 - 5*u. Let z be s(-4). Is o(z) a prime number?
False
Let p(o) = -o**3 + o**2 - 2*o + 719. Is p(0) a prime number?
True
Suppose -p + 4*m = 3*p - 636, -p - 2*m = -171. Is p prime?
True
Let c be (-4)/16 + 15/(-4). Let p be 15/2*8/c. Let y = 34 + p. Is y a composite number?
False
Let t = 2 + 0. Suppose 795 = t*k + 3*k. Suppose z + 8*m - 3*m - k = 0, -157 = -z - 4*m. Is z prime?
True
Suppose 2*l + 36 - 6 = -4*v, -l = -v. Let p(y) = y**3 + 8*y**2 + 5*y - 3. Let t be p(l). Let m = -28 + t. Is m a prime number?
True
Let l(f) be the first derivative of -79*f**2/2 - 2*f - 3. Is l(-1) a prime number?
False
Let v(p) = -36*p**3 - 2*p**2 - 2*p - 1. Let w be v(-2). Suppose -3*x = w - 1204. Is x composite?
False
Suppose -121 = -5*w + 534. Is w prime?
True
Suppose -a = l - 121, -3*l = -7*l - 2*a + 484. Is l composite?
True
Let l be ((-40)/12)/((-2)/42). Suppose -s + 215 = l. Is s composite?
True
Let z(p) = -11*p**2 + 5 - p**3 + 17*p**2 + 2*p - 5*p. Is z(4) a prime number?
False
Let h be (-1)/((4/(-2))/10). Suppose 4*a = -h*y + 1179, -1 = y + 4. Is a composite?
True
Suppose -5*g - 2*o + 7003 = 0, 1 = 3*o - 11. Is g a composite number?
False
Suppose 3*g = 2*g + 3. Suppose 25 = -g*m + h + 85, 5*m - 93 = 4*h. Is m a prime number?
False
Let o be 2 + -1 - (-11 - -1). Suppose 9*c - o*c + 254 = 0. Is c prime?
True
Suppose 40 = -c + 6*c. Let p = c - 5. Is -5*(-15 - 0)/p a prime number?
False
Suppose 5*s = -3*r + 133, -5*r + 207 = -2*s + 3*s. Let p(b) = b + 8. Let q be p(-6). Suppose q*y - 159 = -r. Is y prime?
True
Let c = 2215 - 1308. Is c a composite number?
False
Suppose -4*y - 37 = 3*p - 0*y, -2*p + 3*y = 36. Is (149/(-5))/(3/p) a prime number?
True
Suppose -r = -4*r + 12. Let t(y) = 25*y + 9. Is t(r) a prime number?
True
Suppose 0 = 3*z + 3*r + 2*r - 299, z = -3*r + 105. Is z prime?
False
Suppose -4*i + 499 = -5*c, -6*i + 487 = -2*i - c. Is i a composite number?
True
Let u be ((-4)/6)/((-12)/7038). Suppose -5*a = -u - 74. Is a a composite number?
True
Let r(d) = 3*d**3 + d**2 + 2*d - 2. Let n be r(2). Let g be 6/(33/24 - 1). Let s = n - g. Is s composite?
True
Let q(c) = 3*c - 1. Let y be q(1). Suppose -2*t = -2*j - 4*t + 320, y*t + 320 = 2*j. Suppose -20 + j = 4*p. Is p prime?
False
Suppose -5*j = -4*j - 3. Suppose 192 = -j*c + 1365. Is c a prime number?
False
Let q = 46 + 185. Suppose 0 = 3*x - q + 9. Is x composite?
True
Is 484 - -1 - 4/(-2) a prime number?
True
Suppose -136 + 10 = -4*v - 2*z, 3*v - 5*z = 88. Is v composite?
False
Suppose -4*h + 2*w + 772 = 0, 5*h - 4*w = h + 768. Is h a composite number?
True
Let f = 40 + -7. Is f a composite number?
True
Let c = 262 + -71. Is c composite?
False
Suppose 0 = 5*n - 2 - 8. Suppose 5*t = -3*v + n*t + 15, 0 = -3*v - 5*t + 23. Is ((-3)/9)/(v/(-177)) a composite number?
False
Let r = 1661 - 1028. Is r a composite number?
True
Let s(d) be the third derivative of d**4/24 + 7*d**3/6 + d**2. Let x be s(-7). Suppose x = -2*j + 31 + 7. Is j prime?
True
Suppose -6*n = 5*a - 3*n - 150, -2*a - 2*n + 60 = 0. Let b(g) = -2*g - 2. Let k be b(-4). Suppose j + a = k*j. Is j composite?
True
Suppose 4*f - 10 = z + 2*z, -6 = 3*z. Let p(t) = 6*t - 1. Let l be p(f). Suppose -3*s - 5*a = -139, l*a - 9 = 4*s - 171. Is s prime?
True
Let v(q) = 38*q**2 - 3. Is v(-2) a composite number?
False
Let w(m) = -2*m - 2. Let i be w(-4). Let j(u) = 31*u**3 + 9*u**2 + 13. Let r(h) = 15*h**3 + 5*h**2 + 7. Let l(b) = i*j(b) - 11*r(b). Is l(1) a prime number?
False
Suppose -91 = -5*h + 3454. Is h prime?
True
Let o(y) = 18*y + 1. Let g be o(3). Let s(b) = -b**2 - 2*b. Let r be s(-2). Is (1 + -2)*(r - g) composite?
True
Suppose -3*g - g + 25 = -3*s, 2*g - 2*s - 14 = 0. Suppose -g*u + 174 = -u. Suppose -96 = -2*y + u. Is y a prime number?
False
Suppose 5*x - 2*f - 5585 = 3*f, 4*x + 2*f - 4480 = 0. Is x a prime number?
False
Let g be 36/8 + (-2)/4. Suppose 4*b + c - 12 = -1, 5*c = b - 29. Suppose -h - 123 = -g*s - b*h, -h - 36 = -s. Is s a prime number?
False
Suppose 2*m - 1906 = -444. Is m a composite number?
True
Let w = 0 + 4. Let k = w - -111. Is 0 + 0/(-3) + k a composite number?
True
Is ((-1)/(-2))/(2/844) a prime number?
True
Let d(a) = -13*a**3 - a**2 - a - 4. Is d(-5) a prime number?
True
Suppose 0 = 2*l - 4*m - 4 - 0, 4*m + 16 = -l. Let i = l - -9. Let a(z) = 5*z - 4. Is a(i) a prime number?
False
Suppose -4*c - 2 = -3*c. Is (-61)/c - (-4)/8 composite?
False
Let f be 1/(-1) + -13 + 14. Suppose f = 5*n + 4*u - 3*u - 275, 0 = n + u - 55. Is n a prime number?
False
Let z = 268 - 190. Let r(c) = -2*c. Let f be r(-1). Suppose -4*j + z = -f*j. Is j composite?
True
Let y = 12 - 12. Suppose 3*t - r - 2*r - 372 = y, -5*t + r + 608 = 0. Is t a prime number?
False
Let y = -4 - -6. Let d = 1 + y. Is (33/9)/(1/d